30?
True
Let v(i) = -i**2 + 2. Let h be v(0). Suppose 5*o - h*q = -60, 2*q + q = -4*o - 48. Is (39/o)/((-2)/8) a multiple of 10?
False
Suppose 2*u = 3*u - 2. Suppose 24 = 4*z + u*m, 2*z + 3*z + 5*m - 40 = 0. Suppose 0 = f - z*d + 4, -4 = -5*f - 5*d + 26. Is f a multiple of 4?
True
Suppose c - 3 - 2 = 0. Suppose -c*k + 157 = -18. Is k a multiple of 10?
False
Suppose -3*j + 3*s + 93 = 0, 4*s + 11 + 14 = j. Is j a multiple of 8?
False
Suppose 3*q - 15 = 0, 2*q = -4*w - 0*w + 26. Suppose w*s + 5*k = 107, 2*s - 61 = k - 6*k. Does 8 divide (-2*1)/((-2)/s)?
False
Let q = 8 + -11. Let v be q - (-3 - (-4 - -1)). Is 14 + (-3)/(-1) + v a multiple of 7?
True
Let a = -10 - -10. Let q(m) = m**2 - 7*m. Let i be q(6). Does 6 divide (3 + a)*(-16)/i?
False
Let l = -22 + 47. Let q = l + 30. Suppose 0 = -3*r - 2*r + q. Is 11 a factor of r?
True
Let a(l) = 16*l**3 + 2*l**2 - 2*l - 7. Let k(w) = -8*w**3 - w**2 + w + 3. Let z = -2 - 2. Let h(i) = z*a(i) - 9*k(i). Is 27 a factor of h(2)?
False
Let t(x) = x**2 + 10*x + 5. Let f be t(-8). Let v = f + 5. Let c(l) = l**3 + 8*l**2 + 8*l + 4. Is c(v) a multiple of 16?
False
Let k(d) = d**2 + 5*d - 11. Let u be k(-7). Suppose -3*l + 7*l = u*s + 335, -3*l = -2*s - 251. Is l a multiple of 21?
False
Let r be 0 + -1 + -2 - -5. Does 4 divide r*(-3)/3*-6?
True
Suppose -1 = -5*n + 34. Suppose -2*y = u - 0*y - 23, u - 4*y = -n. Is u a multiple of 8?
False
Let s(o) be the second derivative of -o**5/20 - o**4/4 + o**3/6 + o**2 - 4*o. Is 5 a factor of s(-4)?
False
Let u = 21 + -11. Suppose 4*f + h - 11 = 0, -2*h = -0*h + u. Does 4 divide f?
True
Suppose 5*g = -3*w + 5, 0*g + 4 = 4*g + 3*w. Let b(s) = 15*s**2 + 4*s + 1. Let l(k) = 29*k**2 + 7*k + 2. Let y(c) = -7*b(c) + 4*l(c). Does 11 divide y(g)?
False
Let n be (-1874)/(-22) - 2/11. Suppose -d = -4*o + n, 0*d + 2*d = 2*o - 38. Does 9 divide o?
False
Let x(i) be the second derivative of 89*i**3/6 - i**2/2 - 3*i. Let u be x(1). Let g = u - 62. Is 13 a factor of g?
True
Let n = 22 + -17. Suppose -2*q + n*q = 54. Is q a multiple of 6?
True
Is 8 a factor of (-4)/(-10) - 23/((-805)/6216)?
False
Let r(h) = h**2 + 3*h + 4. Does 23 divide r(8)?
True
Let g(d) = 4*d**2 - d + 8. Let k(w) = -w**2 - w - 1. Let y(l) = g(l) + 5*k(l). Does 6 divide y(-3)?
True
Suppose 0 = -0*f + 4*f - 152. Let z = 60 - f. Does 6 divide z?
False
Let j = 28 - -45. Suppose -35 - j = -3*x. Is x a multiple of 14?
False
Let t = 6 + 65. Suppose 0 = 7*y - t - 202. Is y a multiple of 12?
False
Let m(g) = -g. Let b be m(-4). Suppose 136 - 40 = b*o. Is o a multiple of 12?
True
Let o = -6 + -2. Let u = o - -20. Is u a multiple of 4?
True
Let u = -34 - -18. Let z be (u/10)/((-7)/(-70)). Let m = z + 41. Is 12 a factor of m?
False
Suppose 3*m = -3*i + 3, -3*m = -4*i - 0*m + 18. Suppose -p + 41 = 5*q, -3*p + 51 = -2*p + i*q. Does 22 divide p?
True
Suppose 4*h = 4*j - 16, j + 1 = 3*h - 7*h. Suppose -3*m - j*x + 75 = 0, -2*m - 2*x + 4*x + 70 = 0. Does 15 divide m?
True
Let x = -2 - -8. Suppose -a - 2*o + 85 = 0, 3*a - 6*o + o = 200. Suppose r = x*r - a. Does 6 divide r?
False
Let f be (-13)/3*29*-18. Let s be 1/3 - f/(-18). Suppose -s - 144 = -5*o. Is 14 a factor of o?
False
Let r(d) = 0*d**2 + 2*d + 3*d**2 + 1 + 2*d**2. Let l be r(-1). Suppose -l*s + 130 = 18. Is 12 a factor of s?
False
Suppose -1872 = 76*x - 80*x. Does 39 divide x?
True
Let b(v) = v**3 + 12*v**2 - 27*v - 22. Does 20 divide b(-13)?
True
Let v = -179 + 302. Does 41 divide v?
True
Let m(d) = -6*d + 2. Let t be m(-3). Suppose -5*h - 5*n + 22 = -2*h, -2*n = 4*h - t. Is 2 a factor of h?
True
Suppose -20 = -4*t, -t = r - 6*t + 12. Is 4 a factor of r?
False
Suppose -4*j = -2*r + 41 - 7, -2*r = j - 59. Suppose -2*s + s + r = 0. Is 15 a factor of s?
False
Suppose 22 = 3*g - 29. Let t = 32 - g. Does 15 divide t?
True
Let s be ((-1)/(-3))/((-2)/(-54)). Suppose 0*k = 3*k - s. Let g(u) = -u**3 + 3*u**2 + u + 1. Is g(k) a multiple of 2?
True
Let t(d) = d + 3. Suppose 5*i - 2 + 17 = 0. Let p be t(i). Suppose 3*c - 5*b - 29 = 0, p*c - 2*b = -2*c + 26. Is 6 a factor of c?
True
Suppose -i - 2*p - 4 = 0, -4*i + 2*p + 8 = -2*p. Suppose l - 2*l = i. Suppose l*m - 10 = -m. Is m a multiple of 5?
True
Suppose -5*d + 29 = -2*g + 10, -5*d - 3*g = -34. Suppose d*l - 2*l = -3*z + 12, -5*l + 14 = -z. Let y = 7 - z. Is y a multiple of 6?
True
Suppose -2*t = -36 - 40. Is 19 a factor of t?
True
Let u(w) = w**3 - 5*w**2 + 2. Let l be u(5). Suppose l*c - 78 = -c. Does 13 divide c?
True
Let r(m) = 4*m + 8. Let a be r(8). Let n = a + 8. Is n a multiple of 16?
True
Suppose 89 = 3*h + n, 2*n = 3*h - n - 81. Is 11 a factor of h?
False
Let t(b) = -b**3 - 6*b**2 - 2*b - 5. Let v = -7 + 1. Is t(v) a multiple of 2?
False
Let j(p) = p + 16. Let c(i) = 5*i + 81. Let v(r) = -2*c(r) + 11*j(r). Is v(0) a multiple of 14?
True
Let z = -35 - -53. Suppose -5*v + 12 = -z. Is 6 a factor of v?
True
Suppose -31 - 14 = -3*l. Does 15 divide l?
True
Suppose m + q - 17 = -3*m, 7 = 3*m - 5*q. Let c be (5 - m)*0/2. Suppose -5*o = 4*f - 39 - 0, -5*f - 2*o + 53 = c. Does 5 divide f?
False
Let g = 14 + -24. Let u(v) = -v - 4. Is u(g) a multiple of 6?
True
Let g(a) = -a. Let l(q) = -8*q + 9. Suppose 2 = -0*o - 2*o. Let d(t) = o*l(t) + 4*g(t). Is 21 a factor of d(8)?
False
Let q(o) = 4 + 14*o**3 - 13*o**3 - 5*o**2 + o + 4*o. Suppose 2 = f - 2. Is 3 a factor of q(f)?
False
Let k be 2/7 + (-816)/14. Suppose 0 = 2*z, 7*q = 3*q + 4*z - 328. Let m = k - q. Is 12 a factor of m?
True
Suppose 0 = 3*r + 12, 2*u - 3*u + 3*r = -27. Is u a multiple of 5?
True
Suppose 4*g - 235 = -83. Let r be (-1 - -2)*-1 - 22. Let c = g + r. Is c a multiple of 10?
False
Suppose -l - 3*p = -32, 4*p - 160 = -5*l - p. Is l a multiple of 4?
True
Let n = -11 + 18. Let x be (2 - n)*(-18)/15. Let p(v) = 3*v. Is 18 a factor of p(x)?
True
Let h(w) = -21*w**3 + 1. Is 5 a factor of h(-1)?
False
Let p(f) = 2*f - 6. Let i be p(5). Suppose 0 = z - 4*s - 6 - 85, 388 = i*z - 4*s. Let l = z + -44. Is l a multiple of 23?
False
Let s(r) be the first derivative of -r**4/4 - 4*r**3/3 + 2*r**2 - r + 1. Let b be s(-5). Suppose 2*m - 78 = -4*o, 5*o + b*m = 29 + 67. Is 14 a factor of o?
False
Is -5*((-20)/70 + 284/(-35)) a multiple of 21?
True
Suppose -2*q - 58 = -5*n, 4*n - 4*q = -2*q + 46. Does 3 divide n?
True
Let f be 20/(-25)*(-10)/(-4). Is 5 a factor of f/4 + 23/2?
False
Suppose -2*c - 3*c = b - 108, 4*b - c = 348. Is 8 a factor of b?
True
Suppose 0 = 2*v + 2*v - 4, -4 = -2*a + 2*v. Is a a multiple of 2?
False
Let x = -112 + 148. Does 4 divide x?
True
Suppose -4*i - 153 = -2*b + 25, 3*b - 2*i - 279 = 0. Is b a multiple of 9?
False
Let s(g) = g**3 - 4*g**2 - 4*g + 4. Let i be s(6). Suppose 43 = a - 8*w + 3*w, -4*a + 4*w + 124 = 0. Let l = i - a. Is l a multiple of 15?
False
Let q = 89 + -17. Is q a multiple of 16?
False
Let o = 78 - 54. Suppose 3*c - o = c. Does 10 divide c?
False
Let j(u) = -u**3 - 4*u**2 - 6*u - 2. Let s be j(-4). Let h = s + -38. Is ((-90)/(-24))/((-3)/h) a multiple of 14?
False
Suppose 0 = -3*i + 5*i - 6. Suppose -i*y = 2*y - 140. Is 6 a factor of y?
False
Let n = -64 + 256. Suppose -t - 3*h = -2*t + 64, -n = -4*t - 4*h. Suppose t = 5*a - 43. Is a a multiple of 11?
False
Suppose 3*l - 104 = -i, 8 + 12 = -5*l. Does 29 divide i?
True
Suppose c - 3*c + 6 = 0. Suppose 3*r = 9, -5*k + 3*r = -3 - c. Is 2 a factor of k?
False
Let m(u) = 3*u + 5. Is 11 a factor of m(5)?
False
Let c(a) = 6*a**2 - 4*a - 3. Let j be (18/15)/(2/(-5)). Does 13 divide c(j)?
False
Let y(s) = s**2 - 2*s + 3. Let u be y(2). Suppose -3*m = -2*f - 22, f = 4*m - 34 + u. Is m a multiple of 4?
True
Let s(j) be the third derivative of 2*j**5/15 + 5*j**4/24 + j**3/2 - 3*j**2. Is 21 a factor of s(-3)?
False
Let g(h) = 2*h - 8 - 3*h + 4. Let f be g(-8). Suppose f*q = 23 + 33. Is 11 a factor of q?
False
Suppose -5*y + 21 + 4 = 0, -y + 345 = 5*s. Does 17 divide s?
True
Suppose 314 = 4*u - 22. Is u a multiple of 28?
True
Let a(g) = -2*g**2 + g + 1. Let l be a(-1). Let b(w) = -w. Let s(j) = 7*j + 3. Let o(i) = l*b(i) - s(i). Is o(-2) a multiple of 3?
False
Is 9 a factor of -3 + 1*66/2?
False
Suppose 210 = 3*y + 3*g, 0*g = -5*y + 2*g + 364. Is y a multiple of 18?
True
Suppose 56 = -0*q + q. Is 5 a factor of 3/7 - (-816)/q?
True
Let g = 0 + -1. Does 9 divide (3/2)/(g/(-12))?
True
Let y(d) = -2*d**2 + 4